- 5*b - 83, -h + 4*b + 43 = -0*h. List the prime factors of h.
3, 13
Suppose 13*y - 12*y = 2. What are the prime factors of (-8)/y - (-55 - 6)?
3, 19
Let v be ((-5)/(-15))/(4/(-84)). Let b(w) = -w**3 - 5*w**2 + 9*w - 3. What are the prime factors of b(v)?
2
Let m(a) = -3*a - 2*a**3 - 10 + 2*a + 11 - 3*a**2 + a**3. Let g be m(-3). Suppose -h + 190 = g*h. List the prime factors of h.
2, 19
Let g(p) = -p**3 - 10*p**2 - 12*p - 8. Let m be g(-9). Let q(z) = -z**3 + 20*z**2 - 15*z - 2. List the prime factors of q(m).
2, 37
Let d = 464 + 600. List the prime factors of d.
2, 7, 19
Let t(v) = -v**3 - v**2 - 2. Suppose -3*q + 5 - 11 = 0. Let d be t(q). List the prime factors of d/(460/(-156) + 3).
3, 13
Let u = 443 - 233. List the prime factors of u.
2, 3, 5, 7
Suppose -226*s - 31763 = -249*s. List the prime factors of s.
1381
Let v = -7 - -8. Let l be v/3 + 286/6. Suppose m + l = 3*m. List the prime factors of m.
2, 3
Let h be 20/(-30) - 2/(-3) - 1. List the prime factors of (30/(-7))/((h - 0)/7).
2, 3, 5
Let c(n) = -n**3 - 7*n**2 - 6*n + 5. Let w be c(-6). Suppose -4*s = -w*q - 156 - 87, 4*q - 66 = -s. What are the prime factors of s?
2, 31
Suppose 3*k - m = 13, -8*m + 2 = -10*m. Suppose -15 = -2*o + 4*a + 585, 4*a - 1224 = -k*o. List the prime factors of o.
2, 19
Suppose 0*r = -r + 1. List the prime factors of -250*((-5)/6 + r/3).
5
Let y = 20 + -18. Let r(i) = i**y - 4*i - i + 3*i + 3*i - 2. List the prime factors of r(-7).
2, 5
Let x = -2 - -4. Suppose -b + 3*m - 8 = -2*b, -b + 3*m = -x. Suppose b*a - 44 = a. What are the prime factors of a?
11
Suppose 0 = -25*n + 602 + 2723. What are the prime factors of n?
7, 19
Suppose x = 6*x - 5. Suppose -4*q - 8 = -2*q. List the prime factors of x - (q + 3 + -9).
11
Let p(d) = d**3 - 47*d**2 - 114*d + 35. List the prime factors of p(50).
5, 367
Let w(a) = -a**2 - 3*a - 17. Let k be w(-4). What are the prime factors of (32/(-6) + 2)*k/2?
5, 7
Let k(c) = c**3 - 2*c**2 - 5*c + 11. Let t be k(6). Let l = 237 - t. List the prime factors of l.
2, 7
Suppose -2*h + 3*q + 26 = -65, q + 3 = 0. Suppose -4*k - 4 = 0, -55 = -5*u - 4*k + h. List the prime factors of (3 - -13) + u/5.
2, 5
Let y = 1354 + -322. What are the prime factors of y?
2, 3, 43
Let j = -6 + 18. Let y = j + -7. Suppose -5*z = -y*i + 120, 5*i + 3*z - 68 = 3*i. What are the prime factors of i?
2, 7
Suppose -p + 0*h + 282 = 5*h, 2*p + 3*h - 592 = 0. Suppose 4*f = 3*a - 598, 2*a - 2*f - p = 100. Suppose -5*y + 74 + a = 0. List the prime factors of y.
2, 7
Let r(d) = 3*d - 45. Let w be r(16). Suppose -2*c + 5*n + 85 = 0, 3*c + w*n = -0*c + 117. What are the prime factors of c?
2, 5
Let p be 2 + -1 + 1 + 141. Let b = p - 48. List the prime factors of b.
5, 19
Suppose 4 = -3*x - x. Let i be (x - 20)*1/(-3). Let f(l) = l**3 - 6*l**2 - 5*l + 4. List the prime factors of f(i).
2, 3
Let p be -7*(-3 - (-20)/5). What are the prime factors of p/((10/(-65))/2)?
7, 13
Suppose g + 5263 = 5*x, 13*x = 8*x + 2*g + 5266. List the prime factors of x.
2, 263
Let h(u) = -9*u + 6 - 8*u - 4*u**2 + 8*u**2 + 2*u**3 + 2*u**2. List the prime factors of h(5).
3, 107
Suppose -g = 4*z + 14, z = 2*z + 4*g - 4. Let h(v) be the first derivative of -5*v**2 - 12*v - 1. List the prime factors of h(z).
2, 7
Let d(n) = -6*n**2 - 4*n - 54. Let i(h) = -7*h**2 - 5*h - 55. Let x(q) = -6*d(q) + 5*i(q). List the prime factors of x(0).
7
Suppose 0 - 4 = -2*x. Let p(j) = 22*j + 2. List the prime factors of p(x).
2, 23
Suppose -2*d - 2 = 4*r + 14, 0 = r - 3*d - 3. Let u be -59 - (-6)/r - 3. Let b = 138 + u. What are the prime factors of b?
2, 37
Suppose 0 = 3*o - 7*o + 440. Let f = o - -53. List the prime factors of f.
163
Let o(f) = -57*f**3 - 65*f**2 - 2*f + 8. List the prime factors of o(-5).
2, 31, 89
Suppose 0 = 2*z + 6*k - k - 395, 4*z - 775 = 5*k. Let s = z + -124. What are the prime factors of s?
71
Let n be (-220)/(-33)*15/(-2). Let v be (16/(-10))/(20/n). What are the prime factors of (-3 + -16)/((-4)/v)?
19
Let c be (3 + 3)/(-2 + 4). Suppose -3*x - 3 = 0, -2*x + 443 = c*b - 281. List the prime factors of b.
2, 11
Suppose 14*n = 85*n - 207959. What are the prime factors of n?
29, 101
Suppose 0 = 4*x + 4*w - 16, -5*w + 20 = 5*x - 3*w. Suppose 0 = x*o - 4*g - 436, 5*o - 3*o + 4*g = 200. List the prime factors of o.
2, 53
Suppose w + f = 938, -2*f = -4*w - 1502 + 5272. What are the prime factors of w?
941
Let f = -18 - -20. Suppose 5*j - 153 = f*j. What are the prime factors of j?
3, 17
Suppose -6*q + 1176 = 2*q. Let t = q - 85. List the prime factors of t.
2, 31
Let m be (12/(-10))/((-3)/15). Suppose -12*r + m*r = -414. List the prime factors of r.
3, 23
Let k(f) = f - 1. Let w be k(6). Suppose -1 = -4*j - w. List the prime factors of j/1 + (2 - -2).
3
Let r(w) = 16*w**2 - 185*w + 9. List the prime factors of r(-5).
2, 23, 29
Let d(h) = -h**2 + 25*h - 43. Suppose 5*t = 4*t + 17. What are the prime factors of d(t)?
3, 31
Let j(x) = -7 + 6 + 3*x**2 - 2 + x**3 - 10*x. Let u be j(-5). Let r = 9 + u. List the prime factors of r.
2, 3
Let v(p) = 22*p - 3. Let h be v(2). Let q be -1*(51/6)/((-3)/(-6)). Let b = h + q. What are the prime factors of b?
2, 3
Suppose 0 - 2 = -q. Suppose 3*d + q*d = 25. Suppose -2*g + g = -1, -d*x + 2*g + 133 = 0. What are the prime factors of x?
3
Let h(r) = 3*r**2 - 20*r + 21. Let u be h(12). Suppose -3*w + 180 + u = k, 4*w = -5*k + 513. List the prime factors of w.
2, 3, 11
Let v be ((-4255)/(-69))/((-1)/(-6)). List the prime factors of v/20 - (-2)/4.
19
Let g(i) = -209*i - 339. List the prime factors of g(-12).
3, 241
Suppose 4*l - o - 700 = -2*o, 2*l - 350 = 4*o. What are the prime factors of l?
5, 7
Suppose r - 12 = -3*r. Suppose -3*a = -4*a + 2*u + 13, u - 39 = -r*a. Let t = 39 - a. List the prime factors of t.
2, 13
Suppose 0 = -5*i - 10, 4*h = -0*h - 2*i + 2180. List the prime factors of h.
2, 3, 7, 13
Suppose 0*h - h = 0. Let u be -2*((-308)/8 + 0 - 3). Suppose h = -5*j + 117 + u. List the prime factors of j.
2, 5
Suppose 2*b + 2*a - 2 = a, -5*b + 14 = -2*a. Suppose b*u - u = 78. What are the prime factors of u?
2, 3, 13
Suppose 0 = v - 2, 4*h - v = 8*h - 18. Suppose -540 = 13*p - 7*p. List the prime factors of p/(-8) - h/16.
11
Let b = 1237 - 560. Suppose 4*j - 3*n - 245 = 412, -n = 4*j - b. List the prime factors of j.
2, 3, 7
Let h(f) = 13. Let g(x) = x. Let v(u) = 5*g(u) + h(u). What are the prime factors of v(12)?
73
Suppose t - 205 = 5*u + 218, -2*u + 8 = 0. List the prime factors of t.
443
Let c(o) = -2*o**3 - 46*o**2 + 54*o - 91. List the prime factors of c(-25).
3, 353
Let c = 5 - 3. Suppose o = h + 1, 5 - c = 3*o. Suppose -n - 1 = h, k - 4*k + 46 = -4*n. What are the prime factors of k?
2, 7
Suppose 8*q - 5*q - 19 = x, q = -3*x - 77. Let s(p) = -p**2 - 5*p - 8. Let u be s(-6). Let n = u - x. List the prime factors of n.
11
Let i(r) be the third derivative of -r**5/60 - 7*r**4/6 - 47*r**3/6 + 31*r**2. What are the prime factors of i(-20)?
113
Let u = -16 - -13. Let b(d) = 3*d + 4. Let q be b(u). Let p(n) = -n**3 - 5*n**2 - 3*n + 2. List the prime factors of p(q).
17
Let v(l) = -567*l + 89. List the prime factors of v(-2).
1223
Suppose -3*f + 12 = 3. Let s = f - -242. List the prime factors of s.
5, 7
Suppose 4*c = -c - 5. Suppose 4*b = -12 - 0. List the prime factors of (b - (c + 1))/(-1).
3
Suppose 3*j = 2*v - 7*v + 921, -541 = -3*v + 4*j. List the prime factors of v.
3, 61
Let w = 229 + -137. Suppose -83 = -3*d - 2*f, -5*d + 2*f + w = -d. What are the prime factors of d?
5
Let u(k) = k**3 + 7*k**2 + 4. Let l be u(-7). List the prime factors of ((-90)/l)/(-3)*(-234)/(-15).
3, 13
Suppose -33559 + 14007 = -32*u. What are the prime factors of u?
13, 47
Let v(w) = -84*w + 564. List the prime factors of v(-18).
2, 3, 173
Let z = 20 - 13. Let b = -40 + 110. Suppose z*i - 224 = b. What are the prime factors of i?
2, 3, 7
Suppose -45 = 5*s + 5*i, 4*s = 4*i - 0*i - 20. Let g = 77 + s. List the prime factors of g.
2, 5, 7
Let f = -36 + 26. Let q be -1 + 2 + (-680)/f. Suppose 4*v = q + 19. What are the prime factors of v?
2, 11
Suppose 24 = 3*d - 3*g, d = -4*g + 1 + 7. Let a(h) = 5*h - 6. Let w be a(4). Let i = w - d. List the prime factors of i.
2, 3
Suppose 0 = 2*c - 444 - 302. Let h = c - 230. What are the prime factors of h?
11, 13
Let g = 63 - 60. Suppos